-2*n + 5*z + 49. Calculate the remainder when n is divided by 4.
0
What is the remainder when (-68)/102 - (0 + (-568)/6) is divided by 51?
43
Suppose 3*a + 4 - 40 = 0. Calculate the remainder when (-140)/(-6) - a/(-18) is divided by 9.
6
Let a be 2 + (4/8)/(-1)*0. Calculate the remainder when 70 is divided by a/(-7) - 44/(-7).
4
Suppose -3*k = -3 - 6. Suppose 9*n - 402 = k. What is the remainder when n is divided by 12?
9
Let g be (-114)/9 + 2/(-6). Let y = g + 13. What is the remainder when 25 + (-2 + y - -2) is divided by 9?
7
Let k(l) = 4*l - 4. Let n = -241 + 255. Calculate the remainder when k(6) is divided by n.
6
What is the remainder when 233 is divided by (3/9)/((-2)/1170*-3)?
38
Suppose -2*o + 7*o = 230. Suppose 0 = -7*d + 2*d + 240. Suppose -4*r + 0*r = -d. What is the remainder when o is divided by r?
10
Let r(v) = -v**3 + 5*v**2 + 4*v. Let g be r(6). Let p = g + 19. What is the remainder when 25*3*-5*(-6)/90 is divided by p?
4
Let x be (-3)/(-6) - (-6)/4. Suppose 2*h + 3*k + 13 = 42, x*h - 37 = 5*k. What is the remainder when ((-4)/3)/((-2)/69) is divided by h?
14
Suppose -v + 0*v = x - 10, x + 2 = 0. Suppose -2*h + 7 = t, -5*t + 7 = -0*h + 3*h. Calculate the remainder when v is divided by h.
0
Let z(q) = 6*q - 4. Let h(k) = 13*k - 8. Let a(w) = -4*h(w) + 7*z(w). Suppose -j = -4*j + 54. Calculate the remainder when a(-3) is divided by j.
16
Let m = -66 + 81. Calculate the remainder when (9/(-5))/((-2)/30) is divided by m.
12
What is the remainder when (-1440)/(-150)*(-1)/((-4)/70) is divided by 17?
15
Let m(b) = -b - 3. Let j be m(-8). Let l(o) = 16*o + 2. Suppose 2*s + 4*s - 168 = 0. Calculate the remainder when l(j) is divided by s.
26
Suppose -5*o = -63 - 82. Calculate the remainder when 36 is divided by o.
7
Let t = -381 - -479. Let r(d) = -11*d. Calculate the remainder when t is divided by r(-3).
32
Let s = 200 + -146. What is the remainder when s is divided by 20?
14
Let g(m) = -m**2 - 20*m + 43. Let s be g(-22). What is the remainder when s/(-4) + 75/4 is divided by 4?
3
Let w(o) = -2*o + 3. Calculate the remainder when 1*-101*(-3 - -2) is divided by w(-7).
16
Suppose 7*y + 119 = d + 2*y, d = -4*y + 146. Calculate the remainder when 504 is divided by d.
102
What is the remainder when 73 is divided by 2/(-7) + -3*(-365)/35?
11
Let u(t) = -t**2 - 7*t - 10. Let i be u(-8). Let g = 40 + i. What is the remainder when 43 is divided by g?
21
Let w be 22/(-121) - 40/22. Let h(j) = -j**2 - 11*j + 13. Let f be h(-12). Calculate the remainder when 49 - (2 + w/f) is divided by 13.
10
Let x = 385 + -275. Suppose -4*y = y - x. Calculate the remainder when (3483/45 - -10) + 4/(-10) is divided by y.
21
Let t(o) = o**2 - 10*o - 23. Let s(g) = -g**2 + 10*g + 23. Let d(r) = 6*s(r) + 7*t(r). Calculate the remainder when 45 is divided by d(13).
13
Let p = 145 + -145. Calculate the remainder when 254 is divided by p/(-2) + 4*(-102)/(-8).
50
Let o(i) = i**2 - 3*i - 5. Let u be o(4). Let x be 3 + (3 + u - 2). Let z = x - -7. What is the remainder when 28 is divided by z?
8
Suppose -4*k = -158 + 22. Calculate the remainder when k is divided by 14.
6
Let a(y) = y**3 - 29*y**2 - 3*y + 126. Let g = -8 - -15. What is the remainder when a(29) is divided by g?
4
Calculate the remainder when 220 is divided by (8/2)/((-38)/(-304)).
28
Suppose 4*b = i + 10, -4*b + i + 4 = -3*b. Let m(g) = g**3 + g**2 - 2. What is the remainder when 2/(-8)*-26*4 is divided by m(b)?
6
Let r = 29 - 51. Let u be (-2)/11 - 224/r. Suppose 3*g - 2*x - 52 = -0*x, 5*x + u = 0. Calculate the remainder when 46 is divided by g.
14
Suppose 516 = 7*c - 611. Calculate the remainder when c is divided by 55.
51
Let z = -233 - -266. Let x(f) = 10*f - 6. Calculate the remainder when x(7) is divided by z.
31
What is the remainder when 5*(4 + 522/45) is divided by 32?
14
Let a(v) = 8*v - 4. Let n be a(-1). Let l = n - -8. Let t(s) = -s**3 - 5*s**2 - 7*s. What is the remainder when 45 is divided by t(l)?
9
Suppose o = 4*k - 2*k + 10, -3*o + 2*k = -22. Calculate the remainder when 44 is divided by (o + -2)/(-4) - -13.
8
Let a = -93 + 167. Let l = -53 + a. Calculate the remainder when 38 is divided by l.
17
Let j be ((-1)/(3/76))/(24/(-36)). Suppose -5*n - 4*p + 73 = 0, -4 = -3*n - 3*p + j. Calculate the remainder when 27 is divided by n.
10
Calculate the remainder when (0 + 1)/(10/260) is divided by 10.
6
Suppose -13*u + 288 = -7*u. Calculate the remainder when u is divided by 23.
2
Let w = -273 - -187. Let a = -80 - w. What is the remainder when 11 is divided by a?
5
Suppose 69*c = 66*c + 3. Calculate the remainder when 82 is divided by 4 - c - (-56)/4.
14
Let m(x) = -5 - 19*x + 2 - 13*x + 18*x. What is the remainder when m(-4) is divided by (18/5)/(2/10)?
17
Let y(d) = 2*d**2 + 3. Let h = 140 - 81. Let r = 87 - h. Calculate the remainder when y(5) is divided by r.
25
Let o(w) = -22*w + 79. What is the remainder when 74 is divided by o(3)?
9
Calculate the remainder when ((-324)/10)/((4 - 1)/(-15)) is divided by 27.
0
Suppose 4*s = 6*s - 4. Let d(t) = t - 5. Let l be d(8). Suppose 5*m + 2*b = 291, -5*m = -s*m + l*b - 171. Calculate the remainder when m is divided by 15.
14
Let n = 8 + -5. Suppose 3*v + 5*i = 27, 3*v + 5*i = 3*i + 18. What is the remainder when 51 is divided by n - (v + -13 + -1)?
12
Let p = -20 - -35. What is the remainder when (39/6)/(66/(-36) - -2) is divided by p?
9
Suppose -25*z = -24*z - 2*o - 9, 2*o + 24 = 4*z. Suppose -n - 15 = -4*g, -3*n - n = 12. Calculate the remainder when z is divided by g.
2
Let o(f) = -f**2 + 43*f - 38. What is the remainder when o(27) is divided by 99?
97
Let g(o) = -40*o**2 - 3*o - 4. Let m be g(-1). Let q = 60 + m. Calculate the remainder when q is divided by 6.
1
Calculate the remainder when 505 + 66/495 + 64/(-30) is divided by 64.
55
Let t(f) = -2*f**2 + 10*f - 3. Let q be t(2). What is the remainder when (7/(14/36))/2*q is divided by ((-14)/3)/((-4)/18)?
18
Suppose -5*n = 5 - 0. Calculate the remainder when n + (-32)/12*-18 is divided by 24.
23
Let j(a) = 8*a + 48. What is the remainder when 28 is divided by j(-4)?
12
Suppose 0*a = a - 4. What is the remainder when 19 is divided by a?
3
Let g(o) = -o**3 + 5*o**2 - 3*o - 7. Let h be g(6). Let s = h + 114. What is the remainder when s is divided by 4?
1
What is the remainder when -5 + -1 + 10 - -40 is divided by 6?
2
Let d = 123 - 81. Suppose 15 - 42 = -3*t. Calculate the remainder when d is divided by t.
6
Let j(m) = -m**3 - m + 54. Let g be j(0). What is the remainder when 20 is divided by (-2)/(-9) - (-312)/g?
2
Suppose 2*q + 2*q = -104. Calculate the remainder when (-1081)/(-161)*(-2 - -9) is divided by (-1)/(1/q*2).
8
Let t(h) = h + 8. Let j = 17 + -14. Let x be t(j). Suppose 2*c = c + x. Calculate the remainder when 30 is divided by c.
8
Let m = 99 - 97. Suppose 3*c - 5*t = 245, 3*c + 2*t - 209 = -m*t. What is the remainder when c is divided by 39?
36
Suppose 3*j + 3*f - 668 = -572, -3*f = -18. Let b(w) = w**2 - 2*w + 3. What is the remainder when b(-6) is divided by j?
25
Let t(a) = -6*a + 62. What is the remainder when t(-6) is divided by 12?
2
Suppose 0 = -9*a + 254 + 79. What is the remainder when a is divided by 12?
1
Let s(d) = d**2 + 7*d - 16. Let u be s(-9). Suppose -8 = -x - 0*x - u*v, 2*x - 4*v = 0. Calculate the remainder when 11 is divided by x.
3
Let v = 1800 + -1756. Calculate the remainder when 569 is divided by v.
41
Let h = -80 + 154. Calculate the remainder when h is divided by 38.
36
Let r(c) = -4*c - 10. Calculate the remainder when 545 is divided by r(-9).
25
Let d(g) = -g**3 + g - 1. Let l be d(0). What is the remainder when (-4 - (-70 - l)) + 1 is divided by 35?
31
Let t(p) = -p**2 + 6*p - 4. What is the remainder when 23 is divided by t(4)?
3
Suppose 0 = b + 4, 4*d + 6*b - 5*b - 56 = 0. Calculate the remainder when 44 is divided by d.
14
Let o = 22 + -11. Let p = -1081 + 1123. Calculate the remainder when p is divided by o.
9
Let m(j) = -j**3 - 9*j**2 - 25*j - 2. Suppose 3*c - 27 = 15. Calculate the remainder when m(-6) is divided by c.
12
Suppose -o = 4*o - 20. Let x = -31 - -41. Calculate the remainder when x is divided by o.
2
Let g(h) be the third derivative of h**6/120 - h**5/60 - h**4/6 + h**3/2 + 10*h**2. What is the remainder when 33 is divided by g(3)